hat is the ten thousands digit of 10527918?
2
What is the millions digit of 1317885?
1
What is the tens digit of 81756?
5
What is the tens digit of 504429?
2
What is the ten thousands digit of 110031?
1
What is the tens digit of 522209?
0
What is the hundred thousands digit of 171230?
1
What is the units digit of 1093008?
8
What is the tens digit of 1884341?
4
What is the units digit of 749542?
2
What is the hundred thousands digit of 680714?
6
What is the hundreds digit of 3825033?
0
What is the units digit of 25393994?
4
What is the millions digit of 13263235?
3
What is the hundreds digit of 336880?
8
What is the hundreds digit of 1872946?
9
What is the tens digit of 3020776?
7
What is the millions digit of 3737197?
3
What is the units digit of 1618391?
1
What is the hundreds digit of 476181?
1
What is the millions digit of 6166678?
6
What is the tens digit of 325791?
9
What is the units digit of 184727?
7
What is the millions digit of 2216820?
2
What is the hundred thousands digit of 118744?
1
What is the hundred thousands digit of 376744?
3
What is the units digit of 131290?
0
What is the thousands digit of 30518?
0
What is the tens digit of 4063267?
6
What is the tens digit of 911637?
3
What is the units digit of 2218966?
6
What is the thousands digit of 794989?
4
What is the hundred thousands digit of 231573?
2
What is the hundreds digit of 47604?
6
What is the ten thousands digit of 36025388?
2
What is the thousands digit of 687876?
7
What is the tens digit of 8468616?
1
What is the ten thousands digit of 2224524?
2
What is the ten thousands digit of 3258050?
5
What is the hundreds digit of 1406744?
7
What is the tens digit of 73559?
5
What is the units digit of 78127?
7
What is the tens digit of 1022152?
5
What is the hundred thousands digit of 199447?
1
What is the hundreds digit of 313108?
1
What is the hundreds digit of 208033?
0
What is the hundred thousands digit of 669625?
6
What is the thousands digit of 13956?
3
What is the units digit of 4919470?
0
What is the ten thousands digit of 9072862?
7
What is the ten thousands digit of 34653?
3
What is the hundred thousands digit of 411666?
4
What is the millions digit of 15327836?
5
What is the hundred thousands digit of 661290?
6
What is the thousands digit of 120911?
0
What is the millions digit of 7198082?
7
What is the hundred thousands digit of 1929289?
9
What is the hundreds digit of 511264?
2
What is the ten thousands digit of 319228?
1
What is the units digit of 69167?
7
What is the hundred thousands digit of 1843221?
8
What is the thousands digit of 739705?
9
What is the thousands digit of 670348?
0
What is the hundred thousands digit of 869065?
8
What is the tens digit of 2384248?
4
What is the ten thousands digit of 999418?
9
What is the tens digit of 51556?
5
What is the ten thousands digit of 607033?
0
What is the tens digit of 4050887?
8
What is the ten thousands digit of 136381?
3
What is the ten thousands digit of 35147576?
4
What is the thousands digit of 346816?
6
What is the ten thousands digit of 728431?
2
What is the hundred thousands digit of 5662681?
6
What is the units digit of 14282806?
6
What is the hundreds digit of 2450035?
0
What is the ten millions digit of 25479378?
2
What is the units digit of 738244?
4
What is the units digit of 760182?
2
What is the tens digit of 318037?
3
What is the hundred thousands digit of 172900?
1
What is the ten thousands digit of 29693015?
9
What is the millions digit of 1460271?
1
What is the hundreds digit of 68247?
2
What is the thousands digit of 3639697?
9
What is the hundreds digit of 559355?
3
What is the ten thousands digit of 2602910?
0
What is the hundreds digit of 88350?
3
What is the ten thousands digit of 81868?
8
What is the tens digit of 559934?
3
What is the hundred thousands digit of 572599?
5
What is the millions digit of 4522533?
4
What is the thousands digit of 2196173?
6
What is the hundred thousands digit of 3263138?
2
What is the tens digit of 13590150?
5
What is the millions digit of 22710357?
2
What is the hundred thousands digit of 688170?
6
What is the tens digit of 11885610?
1
What is the thousands digit of 786405?
6
What is the thousands digit of 11431773?
1
What is the tens digit of 371726?
2
What is the tens digit of 2541370?
7
What is the hundreds digit of 6298949?
9
What is the units digit of 9489839?
9
What is the hundred thousands digit of 4385913?
3
What is the tens digit of 272304?
0
What is the ten thousands digit of 713673?
1
What is the units digit of 168021?
1
What is the units digit of 2910817?
7
What is the thousands digit of 2474256?
4
What is the hundred thousands digit of 1276260?
2
What is the ten thousands digit of 22027?
2
What is the tens digit of 809630?
3
What is the units digit of 2208874?
4
What is the ten thousands digit of 78065?
7
What is the thousands digit of 199015?
9
What is the hundred thousands digit of 942581?
9
What is the hundreds digit of 4682895?
8
What is the thousands digit of 15510?
5
What is the hundred thousands digit of 3015188?
0
What is the hundreds digit of 109103?
1
What is the ten thousands digit of 6900288?
0
What is the ten thousands digit of 285394?
8
What is the hundreds digit of 9766426?
4
What is the hundreds digit of 1024065?
0
What is the tens digit of 316232?
3
What is the hundreds digit of 101363?
3
What is the tens digit of 1389829?
2
What is the hundreds digit of 3832397?
3
What is the units digit of 1554876?
6
What is the ten thousands digit of 182225?
8
What is the ten thousands digit of 80871?
8
What is the tens digit of 16032743?
4
What is the tens digit of 1524708?
0
What is the units digit of 27037?
7
What is the tens digit of 366969?
6
What is the hundreds digit of 2043181?
1
What is the hundred thousands digit of 145855?
1
What is the ten thousands digit of 319908?
1
What is the thousands digit of 206395?
6
What is the units digit of 9405208?
8
What is the hundreds digit of 1349293?
2
What is the hundreds digit of 18664812?
8
What is the tens digit of 74585?
8
What is the hundreds digit of 3113409?
4
What is the thousands digit of 1337214?
7
What is the units digit of 27145699?
9
What is the millions digit of 22580527?
2
What is the tens digit of 96390?
9
What is the thousands digit of 3698195?
8
What is the ten thousands digit of 3662717?
6
What is the ten thousands digit of 132513?
3
What is the hundreds digit of 4134594?
5
What is the hundreds digit of 404392?
3
What is the millions digit of 1914963?
1
What is the ten thousands digit of 6506750?
0
What is the units digit of 38854927?
7
What is the hundreds digit of 3223?
2
What is the hundred thousands digit of 558952?
5
What is the hundreds digit of 16401519?
5
What is the ten millions digit of 23899132?
2
What is the units digit of 862752?
2
What is the hundreds digit of 35221?
2
What is the hundreds digit of 48288?
2
What is the millions digit of 7473858?
7
What is the tens digit of 15068645?
4
What is the units digit of 1427613?
3
What is the hundreds digit of 49855?
8
What is the units digit of 19667?
7
What is the tens digit of 23373966?
6
What is the ten thousands digit of 85416?
8
What is the millions digit of 1591564?
1
What is the thousands digit of 208278?
8
What is the hundreds digit of 96368?
3
What is the thousands digit of 2719263?
9
What is the units digit of 239873?
3
What is the ten thousands digit of 1350078?
5
What is the ten thousands digit of 8434572?
3
What is the ten thousands digit of 2607921?
0
What is the thousands digit of 232538?
2
What is the units digit of 555073?
3
What is the hundred thousands digit of 6692235?
6
What is the thousands digit of 5422080?
2
What is the tens digit of 15957937?
3
What is the hundred thousands digit of 488783?
4
What is the thousands digit of 4204761?
4
What is the ten thousands digit of 1213358?
1
What is the thousands digit of 40179474?
9
What is the hundreds digit of 11932766?
7
What is the units digit of 850178?
8
What is the thousands digit of 24832810?
2
What is the tens digit of 827634?
3
What is the ten thousands digit of 18535161?
3
What is the hundred thousands digit of 140675?
1
What is the tens digit of 616516?
1
What is the units digit of 63810?
0
What is the ten thousands digit of 241570?
4
What 